{"id":320,"date":"2015-05-18T22:10:20","date_gmt":"2015-05-18T21:10:20","guid":{"rendered":"http:\/\/golf.piresgoncalves.net\/?page_id=320"},"modified":"2023-06-22T09:31:31","modified_gmt":"2023-06-22T08:31:31","slug":"formacao-e-treino","status":"publish","type":"page","link":"https:\/\/clubegolfecaixa.pt\/golfe\/formacao-e-treino\/","title":{"rendered":"Forma\u00e7\u00e3o e Treino"},"content":{"rendered":"<p>[et_pb_section fb_built=&#8221;1&#8243; admin_label=&#8221;Section&#8221; _builder_version=&#8221;4.16&#8243; hover_enabled=&#8221;0&#8243; global_colors_info=&#8221;{}&#8221; sticky_enabled=&#8221;0&#8243;][et_pb_row column_structure=&#8221;2_3,1_3&#8243; admin_label=&#8221;Row&#8221; _builder_version=&#8221;4.16&#8243; background_size=&#8221;initial&#8221; background_position=&#8221;top_left&#8221; background_repeat=&#8221;repeat&#8221; hover_enabled=&#8221;0&#8243; global_colors_info=&#8221;{}&#8221; sticky_enabled=&#8221;0&#8243;][et_pb_column type=&#8221;2_3&#8243; _builder_version=&#8221;4.16&#8243; custom_padding=&#8221;|||&#8221; global_colors_info=&#8221;{}&#8221; custom_padding__hover=&#8221;|||&#8221;][et_pb_text admin_label=&#8221;Text&#8221; _builder_version=&#8221;4.21.0&#8243; background_size=&#8221;initial&#8221; background_position=&#8221;top_left&#8221; background_repeat=&#8221;repeat&#8221; hover_enabled=&#8221;0&#8243; use_border_color=&#8221;off&#8221; border_color=&#8221;#ffffff&#8221; border_style=&#8221;solid&#8221; global_colors_info=&#8221;{}&#8221; sticky_enabled=&#8221;0&#8243;]<\/p>\n<h2 class=\"entry-header\"><span style=\"color: #279696;\">Forma\u00e7\u00e3o e Treino<\/span><\/h2>\n<h6 class=\"entry-header\">Sala de treino no <span style=\"color: #33cccc;\"><a style=\"color: #33cccc;\" href=\"http:\/\/clubegolfecaixa.pt\/golfe\/locations\/sala-de-golfe-edificio-sede-cgd\/\" target=\"_blank\" rel=\"noopener\">Edif\u00edcio-Sede<\/a><\/span> e no driving-range da <span style=\"color: #33cccc;\"><a style=\"color: #33cccc;\" href=\"http:\/\/clubegolfecaixa.pt\/golfe\/locations\/eul\/\" target=\"_blank\" rel=\"noopener\"><span style=\"color: #33cccc;\">Est\u00e1dio<\/span> Universit\u00e1rio de Lisboa<\/a><\/span>.<\/h6>\n<div class=\"entry-content\">\n<blockquote>\n<p><a href=\"http:\/\/clubegolfecaixa.pt\/golfe\/locations\/sala-de-golfe-edificio-sede-cgd\/\" target=\"_blank\" rel=\"noopener\"><strong><span style=\"color: #33cccc;\">Edif\u00edcio-Sede ( driving-range indoor do Clube)<\/span><\/strong><\/a><\/p>\n<\/blockquote>\n<p style=\"padding-left: 30px;\">A sala est\u00e1 dispon\u00edvel aos s\u00f3cios em hor\u00e1rio livre.<\/p>\n<p style=\"padding-left: 30px;\">Nota: A chave da Sala de Golfe deve ser pedida ao seguran\u00e7a da porta exterior de acesso \u00e0 \u00e1rea\u00a0desportiva do edif\u00edcio-sede \u00a0da CGD (piso 1) e devolvida ao mesmo no final do treino.<\/p>\n<blockquote>\n<p><strong><span style=\"color: #33cccc;\"><a href=\"http:\/\/clubegolfecaixa.pt\/golfe\/locations\/eul\/\" target=\"_blank\" rel=\"noopener\">Est\u00e1dio Universit\u00e1rio de Lisboa<\/a>\u00a0(driving\u2011range da <a href=\"http:\/\/www.academiadegolfedelisboa.pt\/\" target=\"_blank\" rel=\"noopener\">Academia de Golfe de Lisboa<\/a>)<\/span><\/strong><\/p>\n<\/blockquote>\n<p style=\"padding-left: 30px;\">A partir de 1 julho 2023 e at\u00e9 nova indica\u00e7\u00e3o, est\u00e3o suspensas as aulas com o\u00a0 <span style=\"color: #33cccc;\"><a style=\"color: #33cccc;\" href=\"http:\/\/clubegolfecaixa.pt\/golfe\/formacao-e-treino\/o-professor\/\">profissional de golfe<\/a><\/span> aos s\u00e1bados, entre as 09H00 e as 11H00.<\/p>\n<p style=\"padding-left: 30px;\">O acesso ao driving\u2011range do Est\u00e1dio Universit\u00e1rio de Lisboa para treino individual continuar\u00e1 dispon\u00edvel em regime livre, nos termos do acordo de utiliza\u00e7\u00e3o celebrado com a <a href=\"http:\/\/www.academiadegolfedelisboa.pt\/\" target=\"_blank\" rel=\"noopener\">Academia de Golfe de Lisboa<\/a><\/p>\n<blockquote>\n<p><strong><span style=\"color: #33cccc;\">Inicia\u00e7\u00e3o \u00e0 pr\u00e1tica em campo<\/span><\/strong><\/p>\n<\/blockquote>\n<p style=\"padding-left: 30px;\">Procura-se manter, com o apoio do <a style=\"color: #33cccc;\" href=\"http:\/\/clubegolfecaixa.pt\/golfe\/formacao-e-treino\/o-professor\/\">profissional de golfe<\/a> contratado pelo Clube, a adequada inser\u00e7\u00e3o dos novos praticantes no contexto do jogo em campo, ap\u00f3s a fase de inicia\u00e7\u00e3o, atrav\u00e9s da sua participa\u00e7\u00e3o nos torneios regulares da Clube.<\/p>\n<blockquote>\n<p><strong><span style=\"color: #33cccc;\">Avalia\u00e7\u00e3o<\/span><\/strong><\/p>\n<\/blockquote>\n<p style=\"padding-left: 30px;\">Anualmente s\u00e3o avaliados e quantificados os resultados do processo de forma\u00e7\u00e3o de novos praticantes, atrav\u00e9s de reporte a elaborar pelo profissional, visando a atribui\u00e7\u00e3o dos handicaps de Clube e EGA.<\/p>\n<\/div>\n<p>[\/et_pb_text][\/et_pb_column][et_pb_column type=&#8221;1_3&#8243; _builder_version=&#8221;4.16&#8243; custom_padding=&#8221;|||&#8221; global_colors_info=&#8221;{}&#8221; custom_padding__hover=&#8221;|||&#8221;][et_pb_blurb title=&#8221;Profissional de golfe&#8221; url=&#8221;http:\/\/clubegolfecaixa.pt\/golfe\/formacao-e-treino\/o-professor\/&#8221; url_new_window=&#8221;on&#8221; use_icon=&#8221;on&#8221; font_icon=&#8221;&#xe108;||divi||400&#8243; image_icon_width=&#8221;56px&#8221; admin_label=&#8221;Blurb&#8221; _builder_version=&#8221;4.21.0&#8243; background_color=&#8221;rgba(0,0,0,0.09)&#8221; background_size=&#8221;initial&#8221; background_position=&#8221;top_left&#8221; background_repeat=&#8221;repeat&#8221; text_orientation=&#8221;center&#8221; custom_padding=&#8221;25px||50px|&#8221; custom_padding_tablet=&#8221;15px||25px|&#8221; custom_padding_phone=&#8221;10px||25px|&#8221; custom_padding_last_edited=&#8221;on|tablet&#8221; hover_enabled=&#8221;0&#8243; use_border_color=&#8221;off&#8221; border_color=&#8221;#ffffff&#8221; border_style=&#8221;solid&#8221; image_max_width=&#8221;none&#8221; icon_font_size=&#8221;56px&#8221; use_circle=&#8221;off&#8221; use_circle_border=&#8221;off&#8221; circle_border_color=&#8221;#7EBEC5&#8243; circle_color=&#8221;#7EBEC5&#8243; global_colors_info=&#8221;{}&#8221; sticky_enabled=&#8221;0&#8243;][\/et_pb_blurb][\/et_pb_column][\/et_pb_row][\/et_pb_section][et_pb_section fb_built=&#8221;1&#8243; fullwidth=&#8221;on&#8221; admin_label=&#8221;Section&#8221; _builder_version=&#8221;4.16&#8243; global_colors_info=&#8221;{}&#8221;][et_pb_fullwidth_map address=&#8221;R. Cidade de Bucareste, 1000 Lisboa, Portugal&#8221; zoom_level=&#8221;13&#8243; address_lat=&#8221;38.75812902596354&#8243; address_lng=&#8221;-9.140165174204979&#8243; mouse_wheel=&#8221;off&#8221; admin_label=&#8221;Locais Forma\u00e7\u00e3o&#8221; _builder_version=&#8221;4.16&#8243; saved_tabs=&#8221;all&#8221; global_colors_info=&#8221;{}&#8221;][et_pb_map_pin title=&#8221;Est\u00e1dio Universit\u00e1rio de Lisboa &#8211; Academia de Golfe de Lisboa&#8221; pin_address=&#8221;Azinhaga Galhardas 18, 1600-209 Lisboa, Portugal&#8221; pin_address_lat=&#8221;38.752630869062855&#8243; pin_address_lng=&#8221;-9.165364756280496&#8243; _builder_version=&#8221;3.0.47&#8243; global_colors_info=&#8221;{}&#8221;]<strong><a href=\"http:\/\/www.academiadegolfedelisboa.pt\/\" target=\"_blank\" rel=\"noopener\">Academia de Golfe de Lisboa<\/a><\/strong><br \/>\n[\/et_pb_map_pin][et_pb_map_pin title=&#8221;Edif\u00edcio Sede da Caixa &#8211; Sala de Golfe&#8221; pin_address=&#8221;R. Cidade de Bucareste, 1000 Lisboa, Portugal&#8221; pin_address_lat=&#8221;38.741568911598876&#8243; pin_address_lng=&#8221;-9.140409483605936&#8243; _builder_version=&#8221;3.0.47&#8243; global_colors_info=&#8221;{}&#8221; hover_enabled=&#8221;0&#8243; sticky_enabled=&#8221;0&#8243;] [\/et_pb_map_pin][et_pb_map_pin title=&#8221;Clube de Golfe do Pa\u00e7o do Lumiar&#8221; pin_address=&#8221;R. Formosinho Sanchez, 1600-038 Lisboa, Portugal&#8221; pin_address_lat=&#8221;38.77576374122572&#8243; pin_address_lng=&#8221;-9.171210931738301&#8243; _builder_version=&#8221;3.0.47&#8243; global_colors_info=&#8221;{}&#8221;]<a href=\"http:\/\/www.golfepacodolumiar.pt\/\" target=\"_blank\" rel=\"noopener\">Clube\u00a0de Golfe do Pa\u00e7o do Lumiar<\/a><br \/>\n[\/et_pb_map_pin][\/et_pb_fullwidth_map][\/et_pb_section]<\/p>\n","protected":false},"excerpt":{"rendered":"<p>Forma\u00e7\u00e3o e Treino Sala de treino no Edif\u00edcio-Sede e no driving-range da Est\u00e1dio Universit\u00e1rio de Lisboa. Edif\u00edcio-Sede ( driving-range indoor do Clube) A sala est\u00e1 dispon\u00edvel aos s\u00f3cios em hor\u00e1rio livre. Nota: A chave da Sala de Golfe deve ser pedida ao seguran\u00e7a da porta exterior de acesso \u00e0 \u00e1rea\u00a0desportiva do edif\u00edcio-sede \u00a0da CGD (piso [&hellip;]<\/p>\n","protected":false},"author":1,"featured_media":0,"parent":0,"menu_order":0,"comment_status":"open","ping_status":"open","template":"","meta":{"_et_pb_use_builder":"on","_et_pb_old_content":"<header class=\"entry-header\">Li\u00e7\u00f5es de golfe na sala de treino no Edif\u00edcio-Sede e no driving-range da Federa\u00e7\u00e3o no Est\u00e1dio Nacional.<\/header><div class=\"entry-content\"><blockquote><p><strong><span style=\"color: #33cccc;\">Edif\u00edcio-Sede ( driving-range indoor da Clube)<\/span><\/strong><\/p><\/blockquote><p style=\"padding-left: 30px;\">\u00c0s 3\u00aa e 5\u00aa feiras, entre as 18h00 e as 20h00, com assist\u00eancia do profissional de golfe, para inicia\u00e7\u00e3o ou aperfei\u00e7oamento.<\/p><p style=\"padding-left: 30px;\">Enquanto persistir o fecho do driving range do Est\u00e1dio Nacional o apoio de s\u00e1bado nesse local\u00a0 dado pelo profissional foi substitu\u00eddo por assist\u00eancia do mesmo nas 4\u00aa feiras , das 18h00 \u00e0s 20h00 na Sala do Edif\u00edcio-Sede.<\/p><p style=\"padding-left: 30px;\">Fora deste per\u00edodo, a sala continuar\u00e1 a estar dispon\u00edvel aos s\u00f3cios, em hor\u00e1rio livre.<\/p><blockquote><p><strong><span style=\"color: #33cccc;\">Est\u00e1dio Nacional (driving\u2011range da Federa\u00e7\u00e3o Portuguesa de Golfe)<\/span><\/strong><\/p><\/blockquote><p style=\"padding-left: 30px;\">Logo que o driving range do Est\u00e1dio Nacional reabra, \u00e9 assegurada a assist\u00eancia aos s\u00f3cios do profissional de golfe aos s\u00e1bados, entre as 10H00 e as 12H00.<\/p><p style=\"padding-left: 30px;\">Fora desse hor\u00e1rio, e durante toda a semana, em regime livre, continuar\u00e1 dispon\u00edvel o acesso ao driving\u2011range do Est\u00e1dio Nacional para treino individual, nos termos do acordo de utiliza\u00e7\u00e3o celebrado com a Federa\u00e7\u00e3o e ainda do Clube\u00a0de Golfe do Pa\u00e7o do Lumiar em Lisboa.<\/p><blockquote><p><strong><span style=\"color: #33cccc;\">Inicia\u00e7\u00e3o \u00e0 pr\u00e1tica em campo<\/span><\/strong><\/p><\/blockquote><p style=\"padding-left: 30px;\">Procura-se manter, com o apoio do profissional de golfe contratado pela Clube, a adequada inser\u00e7\u00e3o dos novos praticantes no contexto do jogo em campo, ap\u00f3s a fase de inicia\u00e7\u00e3o na sala do Edif\u00edcio-sede e no driving\u2011range da Federa\u00e7\u00e3o, atrav\u00e9s da sua participa\u00e7\u00e3o nos torneios regulares da Clube.<\/p><blockquote><p><strong><span style=\"color: #33cccc;\">Avalia\u00e7\u00e3o<\/span><\/strong><\/p><\/blockquote><p style=\"padding-left: 30px;\">Anualmente s\u00e3o avaliados e quantificados os resultados do processo de forma\u00e7\u00e3o de novos praticantes, atrav\u00e9s de reporte a elaborar pelo profissional, visando a atribui\u00e7\u00e3o dos handicaps de Clube e EGA.<\/p><\/div>","_et_gb_content_width":"","footnotes":""},"class_list":["post-320","page","type-page","status-publish","hentry"],"_links":{"self":[{"href":"https:\/\/clubegolfecaixa.pt\/golfe\/wp-json\/wp\/v2\/pages\/320","targetHints":{"allow":["GET"]}}],"collection":[{"href":"https:\/\/clubegolfecaixa.pt\/golfe\/wp-json\/wp\/v2\/pages"}],"about":[{"href":"https:\/\/clubegolfecaixa.pt\/golfe\/wp-json\/wp\/v2\/types\/page"}],"author":[{"embeddable":true,"href":"https:\/\/clubegolfecaixa.pt\/golfe\/wp-json\/wp\/v2\/users\/1"}],"replies":[{"embeddable":true,"href":"https:\/\/clubegolfecaixa.pt\/golfe\/wp-json\/wp\/v2\/comments?post=320"}],"version-history":[{"count":12,"href":"https:\/\/clubegolfecaixa.pt\/golfe\/wp-json\/wp\/v2\/pages\/320\/revisions"}],"predecessor-version":[{"id":41578,"href":"https:\/\/clubegolfecaixa.pt\/golfe\/wp-json\/wp\/v2\/pages\/320\/revisions\/41578"}],"wp:attachment":[{"href":"https:\/\/clubegolfecaixa.pt\/golfe\/wp-json\/wp\/v2\/media?parent=320"}],"curies":[{"name":"wp","href":"https:\/\/api.w.org\/{rel}","templated":true}]}}