{"id":35338,"date":"2019-08-11T00:16:32","date_gmt":"2019-08-10T23:16:32","guid":{"rendered":"https:\/\/clubegolfecaixa.pt\/golfe\/?page_id=35338"},"modified":"2019-11-23T20:03:30","modified_gmt":"2019-11-23T20:03:30","slug":"torneios-ical","status":"publish","type":"page","link":"https:\/\/clubegolfecaixa.pt\/golfe\/torneios-ical\/","title":{"rendered":"Torneios ICAL"},"content":{"rendered":"<p>[et_pb_section fb_built=&#8221;1&#8243; _builder_version=&#8221;3.22&#8243; custom_padding=&#8221;28px||5px|||&#8221;][et_pb_row disabled_on=&#8221;off|off|off&#8221; _builder_version=&#8221;3.25&#8243; background_size=&#8221;initial&#8221; background_position=&#8221;top_left&#8221; background_repeat=&#8221;repeat&#8221;][et_pb_column type=&#8221;4_4&#8243; _builder_version=&#8221;3.0.47&#8243; custom_padding=&#8221;|||&#8221; custom_padding__hover=&#8221;|||&#8221;][et_pb_button button_url=&#8221;https:\/\/clubegolfecaixa.pt\/golfe\/events\/categories\/torneio\/torneios\/ical&#8221; button_text=&#8221;Agendar Torneios (todos)&#8221; button_alignment=&#8221;center&#8221; admin_label=&#8221;Calendario ICAL Todos&#8221; _builder_version=&#8221;4.0.5&#8243; button_icon=&#8221;%%215%%&#8221; z_index_tablet=&#8221;500&#8243; button_icon_tablet=&#8221;%%215%%&#8221; button_icon_phone=&#8221;%%215%%&#8221; custom_css_main_element=&#8221;width: 100%;&#8221; button_text_shadow_horizontal_length_tablet=&#8221;0px&#8221; button_text_shadow_vertical_length_tablet=&#8221;0px&#8221; button_text_shadow_blur_strength_tablet=&#8221;1px&#8221; box_shadow_horizontal_tablet=&#8221;0px&#8221; box_shadow_vertical_tablet=&#8221;0px&#8221; box_shadow_blur_tablet=&#8221;40px&#8221; box_shadow_spread_tablet=&#8221;0px&#8221;][\/et_pb_button][et_pb_button button_url=&#8221;https:\/\/clubegolfecaixa.pt\/golfe\/events\/categories\/torneio\/torneios_cgd\/ical&#8221; button_text=&#8221;Agendar Torneios CGD&#8221; button_alignment=&#8221;center&#8221; admin_label=&#8221;Calendario ICAL CGD&#8221; _builder_version=&#8221;3.26.2&#8243; button_icon=&#8221;%%215%%&#8221; z_index_tablet=&#8221;500&#8243; button_icon_tablet=&#8221;%%215%%&#8221; button_icon_phone=&#8221;%%215%%&#8221; custom_css_main_element=&#8221;width: 100%;&#8221; button_text_shadow_horizontal_length_tablet=&#8221;0px&#8221; button_text_shadow_vertical_length_tablet=&#8221;0px&#8221; button_text_shadow_blur_strength_tablet=&#8221;1px&#8221; box_shadow_horizontal_tablet=&#8221;0px&#8221; box_shadow_vertical_tablet=&#8221;0px&#8221; box_shadow_blur_tablet=&#8221;40px&#8221; box_shadow_spread_tablet=&#8221;0px&#8221;][\/et_pb_button][et_pb_button button_url=&#8221;https:\/\/clubegolfecaixa.pt\/golfe\/events\/categories\/torneio\/torneios_aposentados\/ical&#8221; button_text=&#8221;Agendar Torneios Aposentados&#8221; button_alignment=&#8221;center&#8221; admin_label=&#8221;Calendario ICAL Aposentados&#8221; _builder_version=&#8221;3.26.2&#8243; button_icon=&#8221;%%215%%&#8221; z_index_tablet=&#8221;500&#8243; button_icon_tablet=&#8221;%%215%%&#8221; button_icon_phone=&#8221;%%215%%&#8221; custom_css_main_element=&#8221;width: 100%;&#8221; button_text_shadow_horizontal_length_tablet=&#8221;0px&#8221; button_text_shadow_vertical_length_tablet=&#8221;0px&#8221; button_text_shadow_blur_strength_tablet=&#8221;1px&#8221; box_shadow_horizontal_tablet=&#8221;0px&#8221; box_shadow_vertical_tablet=&#8221;0px&#8221; box_shadow_blur_tablet=&#8221;40px&#8221; box_shadow_spread_tablet=&#8221;0px&#8221;][\/et_pb_button][\/et_pb_column][\/et_pb_row][et_pb_row admin_label=&#8221;Alterar depois de resolvido os problema NO BOM&#8221; _builder_version=&#8221;4.0.5&#8243; background_color=&#8221;#c3d4e2&#8243; background_size=&#8221;initial&#8221; background_position=&#8221;top_left&#8221; background_repeat=&#8221;repeat&#8221; custom_margin=&#8221;||||false|false&#8221; custom_padding=&#8221;|17px||17px||&#8221;][et_pb_column type=&#8221;4_4&#8243; _builder_version=&#8221;3.0.47&#8243; custom_padding=&#8221;|||&#8221; custom_padding__hover=&#8221;|||&#8221;][et_pb_text _builder_version=&#8221;4.0.5&#8243;]<\/p>\n<h3 style=\"text-align: center;\"><span style=\"color: #666699;\">Utilize estes bot\u00f5es em caso de Erro na importa\u00e7\u00e3o com os anteriores.<\/span><\/h3>\n<p>[\/et_pb_text][et_pb_button button_url=&#8221;https:\/\/clubegolfecaixa.pt\/golfe\/wp-content\/uploads\/torneios.ics&#8221; button_text=&#8221;Agendar Torneios (todos)&#8221; button_alignment=&#8221;center&#8221; admin_label=&#8221;Calendario ICAL Todos (NO BOM)&#8221; _builder_version=&#8221;4.0.5&#8243; custom_button=&#8221;on&#8221; button_text_color=&#8221;#898989&#8243; button_icon=&#8221;%%215%%&#8221; custom_padding=&#8221;|0px||14px||&#8221; z_index_tablet=&#8221;500&#8243; button_icon_tablet=&#8221;%%215%%&#8221; button_icon_phone=&#8221;%%215%%&#8221; custom_css_main_element=&#8221;width: 100%;&#8221; button_text_shadow_horizontal_length_tablet=&#8221;0px&#8221; button_text_shadow_vertical_length_tablet=&#8221;0px&#8221; button_text_shadow_blur_strength_tablet=&#8221;1px&#8221; box_shadow_horizontal_tablet=&#8221;0px&#8221; box_shadow_vertical_tablet=&#8221;0px&#8221; box_shadow_blur_tablet=&#8221;40px&#8221; box_shadow_spread_tablet=&#8221;0px&#8221;][\/et_pb_button][et_pb_button button_url=&#8221;https:\/\/clubegolfecaixa.pt\/golfe\/wp-content\/uploads\/torneios_cgd.ics&#8221; button_text=&#8221;Agendar Torneios CGD&#8221; button_alignment=&#8221;center&#8221; admin_label=&#8221;Calendario ICAL CGD (NO BOM)&#8221; _builder_version=&#8221;4.0.5&#8243; custom_button=&#8221;on&#8221; button_text_color=&#8221;#898989&#8243; button_icon=&#8221;%%215%%&#8221; z_index_tablet=&#8221;500&#8243; button_icon_tablet=&#8221;%%215%%&#8221; button_icon_phone=&#8221;%%215%%&#8221; custom_css_main_element=&#8221;width: 100%;&#8221; button_text_shadow_horizontal_length_tablet=&#8221;0px&#8221; button_text_shadow_vertical_length_tablet=&#8221;0px&#8221; button_text_shadow_blur_strength_tablet=&#8221;1px&#8221; box_shadow_horizontal_tablet=&#8221;0px&#8221; box_shadow_vertical_tablet=&#8221;0px&#8221; box_shadow_blur_tablet=&#8221;40px&#8221; box_shadow_spread_tablet=&#8221;0px&#8221;][\/et_pb_button][et_pb_button button_url=&#8221;https:\/\/clubegolfecaixa.pt\/golfe\/wp-content\/uploads\/torneios_aposentados.ics&#8221; button_text=&#8221;Agendar Torneios Aposentados&#8221; button_alignment=&#8221;center&#8221; admin_label=&#8221;Calendario ICAL Aposentados NO BOM&#8221; _builder_version=&#8221;4.0.5&#8243; custom_button=&#8221;on&#8221; button_text_color=&#8221;#898989&#8243; button_icon=&#8221;%%215%%&#8221; z_index_tablet=&#8221;500&#8243; button_icon_tablet=&#8221;%%215%%&#8221; button_icon_phone=&#8221;%%215%%&#8221; custom_css_main_element=&#8221;width: 100%;&#8221; button_text_shadow_horizontal_length_tablet=&#8221;0px&#8221; button_text_shadow_vertical_length_tablet=&#8221;0px&#8221; button_text_shadow_blur_strength_tablet=&#8221;1px&#8221; box_shadow_horizontal_tablet=&#8221;0px&#8221; box_shadow_vertical_tablet=&#8221;0px&#8221; box_shadow_blur_tablet=&#8221;40px&#8221; box_shadow_spread_tablet=&#8221;0px&#8221;][\/et_pb_button][\/et_pb_column][\/et_pb_row][\/et_pb_section][et_pb_section fb_built=&#8221;1&#8243; prev_background_color=&#8221;#ffffff&#8221; admin_label=&#8221;Video exemplo&#8221; _builder_version=&#8221;3.26.2&#8243; background_color=&#8221;#d3d3d3&#8243; custom_padding=&#8221;52px||8px|||&#8221; top_divider_style=&#8221;waves2&#8243; animation_style=&#8221;fade&#8221; z_index_tablet=&#8221;500&#8243; box_shadow_horizontal_tablet=&#8221;0px&#8221; box_shadow_vertical_tablet=&#8221;0px&#8221; box_shadow_blur_tablet=&#8221;40px&#8221; box_shadow_spread_tablet=&#8221;0px&#8221;][et_pb_row column_structure=&#8221;1_2,1_2&#8243; _builder_version=&#8221;3.25&#8243; background_size=&#8221;initial&#8221; background_position=&#8221;top_left&#8221; background_repeat=&#8221;repeat&#8221; custom_padding=&#8221;30px||9px|||&#8221;][et_pb_column type=&#8221;1_2&#8243; _builder_version=&#8221;3.25&#8243; custom_padding=&#8221;|||&#8221; custom_padding__hover=&#8221;|||&#8221;][et_pb_text _builder_version=&#8221;4.0.5&#8243; width=&#8221;100%&#8221; custom_padding=&#8221;34px|||15px||&#8221; z_index_tablet=&#8221;500&#8243; text_text_shadow_horizontal_length_tablet=&#8221;0px&#8221; text_text_shadow_vertical_length_tablet=&#8221;0px&#8221; text_text_shadow_blur_strength_tablet=&#8221;1px&#8221; link_text_shadow_horizontal_length_tablet=&#8221;0px&#8221; link_text_shadow_vertical_length_tablet=&#8221;0px&#8221; link_text_shadow_blur_strength_tablet=&#8221;1px&#8221; ul_text_shadow_horizontal_length_tablet=&#8221;0px&#8221; ul_text_shadow_vertical_length_tablet=&#8221;0px&#8221; ul_text_shadow_blur_strength_tablet=&#8221;1px&#8221; ol_text_shadow_horizontal_length_tablet=&#8221;0px&#8221; ol_text_shadow_vertical_length_tablet=&#8221;0px&#8221; ol_text_shadow_blur_strength_tablet=&#8221;1px&#8221; quote_text_shadow_horizontal_length_tablet=&#8221;0px&#8221; quote_text_shadow_vertical_length_tablet=&#8221;0px&#8221; quote_text_shadow_blur_strength_tablet=&#8221;1px&#8221; header_text_shadow_horizontal_length_tablet=&#8221;0px&#8221; header_text_shadow_vertical_length_tablet=&#8221;0px&#8221; header_text_shadow_blur_strength_tablet=&#8221;1px&#8221; header_2_text_shadow_horizontal_length_tablet=&#8221;0px&#8221; header_2_text_shadow_vertical_length_tablet=&#8221;0px&#8221; header_2_text_shadow_blur_strength_tablet=&#8221;1px&#8221; header_3_text_shadow_horizontal_length_tablet=&#8221;0px&#8221; header_3_text_shadow_vertical_length_tablet=&#8221;0px&#8221; header_3_text_shadow_blur_strength_tablet=&#8221;1px&#8221; header_4_text_shadow_horizontal_length_tablet=&#8221;0px&#8221; header_4_text_shadow_vertical_length_tablet=&#8221;0px&#8221; header_4_text_shadow_blur_strength_tablet=&#8221;1px&#8221; header_5_text_shadow_horizontal_length_tablet=&#8221;0px&#8221; header_5_text_shadow_vertical_length_tablet=&#8221;0px&#8221; header_5_text_shadow_blur_strength_tablet=&#8221;1px&#8221; header_6_text_shadow_horizontal_length_tablet=&#8221;0px&#8221; header_6_text_shadow_vertical_length_tablet=&#8221;0px&#8221; header_6_text_shadow_blur_strength_tablet=&#8221;1px&#8221; box_shadow_horizontal_tablet=&#8221;0px&#8221; box_shadow_vertical_tablet=&#8221;0px&#8221; box_shadow_blur_tablet=&#8221;40px&#8221; box_shadow_spread_tablet=&#8221;0px&#8221;]<\/p>\n<h1>Demonstra\u00e7\u00e3o<\/h1>\n<blockquote>\n<p><span style=\"color: #33cccc;\">Por motivos da Google esta op\u00e7\u00e3o n\u00e3o est\u00e1 a funcionar, neste momento,\u00a0 nos telefones com a aplica\u00e7\u00e3o &#8220;Google Calendar&#8221;.<\/span><br \/><span style=\"color: #33cccc;\"> Se usar outra aplica\u00e7\u00e3o para a gest\u00e3o da sua agenda, poder\u00e1 conseguir importar os Torneios no seu telefone.<\/span><br \/><span style=\"color: #33cccc;\"> Em alternativa use a aplica\u00e7\u00e3o da google no computador (Instru\u00e7\u00f5es mais abaixo).<\/span><\/p>\n<\/blockquote>\n<h4>Como Agendar m\u00faltiplos Torneios<\/h4>\n<ul>\n<li>Escolher qual a OM que deseja adicionar ou todos;<\/li>\n<li>ao pressionar o bot\u00e3o inicia o download de um ficheiro (tipo .ics);<\/li>\n<li>gravar ou abrir esse ficheiro (conforme o software usado para a sua agenda);<\/li>\n<li>alterar ou acrescentar alguma a\u00e7\u00e3o desejada (ex. Lembrete para ser avisado 3 horas antes);<\/li>\n<li>Adicionar os eventos.<\/li>\n<\/ul>\n<p>Os torneios tem a localiza\u00e7\u00e3o dos campos para que possa utilizar software de GPS (ex. Google Maps, TomTom) e, assim, obter percursos e indica\u00e7\u00f5es de condu\u00e7\u00e3o.<\/p>\n<p>&nbsp;<\/p>\n<p>Video exemplo para aplica\u00e7\u00e3o &#8220;Calend\u00e1rio Google&#8221;<\/p>\n<p>&nbsp;<\/p>\n<p>[\/et_pb_text][\/et_pb_column][et_pb_column type=&#8221;1_2&#8243; _builder_version=&#8221;3.25&#8243; custom_padding=&#8221;|||&#8221; custom_padding__hover=&#8221;|||&#8221;][et_pb_video src=&#8221;https:\/\/clubegolfecaixa.pt\/golfe\/wp-content\/uploads\/videos\/VID_agendar_varios_torneios.mp4&#8243; image_src=&#8221;https:\/\/clubegolfecaixa.pt\/golfe\/wp-content\/uploads\/videos\/Screenshot_VID_agendar.jpg&#8221; _builder_version=&#8221;4.0.5&#8243; width=&#8221;72%&#8221; width_tablet=&#8221;&#8221; width_phone=&#8221;95%&#8221; width_last_edited=&#8221;on|phone&#8221; min_height=&#8221;561px&#8221; custom_margin=&#8221;||-17px|||&#8221; z_index_tablet=&#8221;500&#8243; box_shadow_horizontal_tablet=&#8221;0px&#8221; box_shadow_vertical_tablet=&#8221;0px&#8221; box_shadow_blur_tablet=&#8221;40px&#8221; box_shadow_spread_tablet=&#8221;0px&#8221;][\/et_pb_video][\/et_pb_column][\/et_pb_row][\/et_pb_section][et_pb_section fb_built=&#8221;1&#8243; _builder_version=&#8221;4.0.5&#8243; custom_padding=&#8221;3px||9px|||&#8221;][et_pb_row _builder_version=&#8221;4.0.5&#8243; custom_padding=&#8221;||10px|||&#8221;][et_pb_column type=&#8221;4_4&#8243; _builder_version=&#8221;4.0.5&#8243;][et_pb_code _builder_version=&#8221;4.0.5&#8243;]<iframe loading=\"lazy\" src=\"https:\/\/calendar.google.com\/calendar\/embed?height=600&#038;wkst=1&#038;bgcolor=%23ffffff&#038;ctz=Europe%2FLondon&#038;src=NXQybzMzZTk1bG5qcnZnazdzNXZic3E4amhrbmY5Y2ZAaW1wb3J0LmNhbGVuZGFyLmdvb2dsZS5jb20&#038;color=%23227F63\" style=\"border-width:0\" width=\"800\" height=\"600\" frameborder=\"0\" scrolling=\"no\"><\/iframe>[\/et_pb_code][\/et_pb_column][\/et_pb_row][\/et_pb_section][et_pb_section fb_built=&#8221;1&#8243; _builder_version=&#8221;4.0.5&#8243; background_color=&#8221;#ddefff&#8221; custom_padding=&#8221;12px||21px|||&#8221;][et_pb_row _builder_version=&#8221;4.0.5&#8243; custom_padding=&#8221;11px||10px|17px||&#8221;][et_pb_column type=&#8221;4_4&#8243; _builder_version=&#8221;4.0.5&#8243;][et_pb_text _builder_version=&#8221;4.0.5&#8243;]<\/p>\n<h3>Como importar no computador:<\/h3>\n<ul>\n<li>Transfira o ficheiro *.ics desejado pressionando o bot\u00e3o desejado no cimo desta p\u00e1gina;<\/li>\n<li>guarde-o no seu disco;<\/li>\n<li>Aceda no seu <em>browser\u00a0<\/em> ao seu calend\u00e1rio (google calendar) <a href=\"https:\/\/calendar.google.com\/\">https:\/\/calendar.google.com\/;<\/a><\/li>\n<li>Menu &#8220;<em>Configura\u00e7\u00f5es<\/em>&#8221; ou\u00a0<a href=\"https:\/\/calendar.google.com\/calendar\/r\/settings\">https:\/\/calendar.google.com\/calendar\/r\/settings;<\/a><\/li>\n<li>Menu &#8220;<em>Importar e exportar<\/em>&#8221; ou\u00a0 <a href=\"https:\/\/calendar.google.com\/calendar\/r\/settings\/export\">https:\/\/calendar.google.com\/calendar\/r\/settings\/export;<\/a><\/li>\n<li>Na \u00e1rea &#8220;<em>Importar&#8221;, Selecionar arquivo no seu computador\u00a0<\/em> e escolha o ficheiro tipo .<em>ics<\/em> que baixou do s\u00edtio do Clube;<\/li>\n<li>Adicionar \u00e0 agenda desejada;<\/li>\n<li>pressionar o bot\u00e3o &#8220;<em>Importar<\/em>&#8220;.<\/li>\n<\/ul>\n<p>Se n\u00e3o desejar importar os torneios, pode, em alternativa, apenas visualiza-los na sua agenda. Para isso, utilize o bot\u00e3o &#8220;+ Google Calendar&#8221; no calend\u00e1rio anterior.<\/p>\n<p>[\/et_pb_text][\/et_pb_column][\/et_pb_row][\/et_pb_section]<\/p>\n","protected":false},"excerpt":{"rendered":"<p>Utilize estes bot\u00f5es em caso de Erro na importa\u00e7\u00e3o com os anteriores.Demonstra\u00e7\u00e3o Por motivos da Google esta op\u00e7\u00e3o n\u00e3o est\u00e1 a funcionar, neste momento,\u00a0 nos telefones com a aplica\u00e7\u00e3o &#8220;Google Calendar&#8221;. Se usar outra aplica\u00e7\u00e3o para a gest\u00e3o da sua agenda, poder\u00e1 conseguir importar os Torneios no seu telefone. Em alternativa use a aplica\u00e7\u00e3o da [&hellip;]<\/p>\n","protected":false},"author":1,"featured_media":0,"parent":0,"menu_order":0,"comment_status":"closed","ping_status":"closed","template":"","meta":{"_et_pb_use_builder":"on","_et_pb_old_content":"","_et_gb_content_width":"","footnotes":""},"class_list":["post-35338","page","type-page","status-publish","hentry"],"_links":{"self":[{"href":"https:\/\/clubegolfecaixa.pt\/golfe\/wp-json\/wp\/v2\/pages\/35338","targetHints":{"allow":["GET"]}}],"collection":[{"href":"https:\/\/clubegolfecaixa.pt\/golfe\/wp-json\/wp\/v2\/pages"}],"about":[{"href":"https:\/\/clubegolfecaixa.pt\/golfe\/wp-json\/wp\/v2\/types\/page"}],"author":[{"embeddable":true,"href":"https:\/\/clubegolfecaixa.pt\/golfe\/wp-json\/wp\/v2\/users\/1"}],"replies":[{"embeddable":true,"href":"https:\/\/clubegolfecaixa.pt\/golfe\/wp-json\/wp\/v2\/comments?post=35338"}],"version-history":[{"count":34,"href":"https:\/\/clubegolfecaixa.pt\/golfe\/wp-json\/wp\/v2\/pages\/35338\/revisions"}],"predecessor-version":[{"id":35959,"href":"https:\/\/clubegolfecaixa.pt\/golfe\/wp-json\/wp\/v2\/pages\/35338\/revisions\/35959"}],"wp:attachment":[{"href":"https:\/\/clubegolfecaixa.pt\/golfe\/wp-json\/wp\/v2\/media?parent=35338"}],"curies":[{"name":"wp","href":"https:\/\/api.w.org\/{rel}","templated":true}]}}