{"id":37976,"date":"2022-05-17T12:35:28","date_gmt":"2022-05-17T11:35:28","guid":{"rendered":"https:\/\/clubegolfecaixa.pt\/golfe\/?page_id=37976"},"modified":"2022-05-17T12:35:34","modified_gmt":"2022-05-17T11:35:34","slug":"regulamento_3866","status":"publish","type":"page","link":"https:\/\/clubegolfecaixa.pt\/golfe\/regulamento_3866\/","title":{"rendered":"Regulamento_3866"},"content":{"rendered":"<p>[et_pb_section fb_built=&#8221;1&#8243; fullwidth=&#8221;on&#8221; disabled_on=&#8221;on|on|on&#8221; _builder_version=&#8221;4.10.3&#8243; _module_preset=&#8221;default&#8221; disabled=&#8221;on&#8221; global_colors_info=&#8221;{}&#8221;][et_pb_fullwidth_header title=&#8221;Apuramento Match Play 2022&#8243; subhead=&#8221;Os 32 jogadores melhores classificados, que n\u00e3o declarem o contr\u00e1rio, ser\u00e3o apurados para disputar a competi\u00e7\u00e3o em  Match Play 2022.&#8221; text_orientation=&#8221;center&#8221; disabled_on=&#8221;on|on|on&#8221; admin_label=&#8221;Matchplay &#8221; _builder_version=&#8221;4.10.3&#8243; _module_preset=&#8221;default&#8221; background_color=&#8221;rgba(247,173,84,0.98)&#8221; custom_padding=&#8221;9px||13px|||&#8221; disabled=&#8221;on&#8221; global_colors_info=&#8221;{}&#8221;][\/et_pb_fullwidth_header][et_pb_fullwidth_header title=&#8221;Match Play 2022&#8243; subhead=&#8221;Adiamento Match Play 2022.&#8221; text_orientation=&#8221;center&#8221; disabled_on=&#8221;off|off|off&#8221; admin_label=&#8221;Adiamento Matchplay&#8221; _builder_version=&#8221;4.10.3&#8243; _module_preset=&#8221;default&#8221; subhead_font_size=&#8221;22px&#8221; background_color=&#8221;rgba(247,173,84,0.98)&#8221; custom_padding=&#8221;9px||13px|||&#8221; global_colors_info=&#8221;{}&#8221;]<\/p>\n<p style=\"text-align: left;\"><span style=\"font-family: 'Arial',sans-serif;\">Considerando que o nosso torneio de abertura se ir\u00e1 disputar no dia das elei\u00e7\u00f5es\u00a0e tendo tido conhecimento de que alguns dos nosso colegas est\u00e3o designados para servi\u00e7o nas assembleias de voto, durante todo o dia, e que, por esse motivo, n\u00e3o poder\u00e3o participar, informa-se que o apuramento para a competi\u00e7\u00e3o de Match-Play do Clube ser\u00e1 efectuado a partir das <b>classifica\u00e7\u00f5es do segundo torneio<\/b> da Ordem de M\u00e9rito, a disputar no dia 6 de Mar\u00e7o.<\/span><\/p>\n<p>[\/et_pb_fullwidth_header][\/et_pb_section][et_pb_section fb_built=&#8221;1&#8243; _builder_version=&#8221;4.9.2&#8243; background_color=&#8221;RGBA(0,0,0,0)&#8221; custom_padding=&#8221;9px|||||&#8221; global_colors_info=&#8221;{}&#8221;][et_pb_row _builder_version=&#8221;4.9.2&#8243; background_color=&#8221;RGBA(0,0,0,0)&#8221; background_size=&#8221;initial&#8221; background_position=&#8221;top_left&#8221; background_repeat=&#8221;repeat&#8221; global_colors_info=&#8221;{}&#8221;][et_pb_column type=&#8221;4_4&#8243; _builder_version=&#8221;3.25&#8243; custom_padding=&#8221;|||&#8221; global_colors_info=&#8221;{}&#8221; custom_padding__hover=&#8221;|||&#8221;][et_pb_text disabled_on=&#8221;off|off|off&#8221; _builder_version=&#8221;4.10.3&#8243; background_size=&#8221;initial&#8221; background_position=&#8221;top_left&#8221; background_repeat=&#8221;repeat&#8221; hover_enabled=&#8221;0&#8243; global_colors_info=&#8221;{}&#8221; sticky_enabled=&#8221;0&#8243;]<\/p>\n<h3>Participa\u00e7\u00e3o<\/h3>\n<p>Prova reservada a s\u00f3cios do Clube e convidados de s\u00f3cios e do Campo dos Salgados.<\/p>\n<h3>Modalidade<\/h3>\n<ul>\n<li>O torneio \u00e9 disputado em 18 buracos na modalidade de Stableford, Pares, Texas Scramble,<br \/>com in\u00edcio \u00e0s 8:00h, dos tees 1 e 10.<\/li>\n<li>Cada par joga duas bolas do ponto de partida (ordem de sa\u00edda opcional entre os dois jogadores), optando pela melhor bola no entendimento da equipa.<\/li>\n<li>Escolhida a melhor bola, os dois jogadores voltam a jogar duas bolas desse local, sendo a 1\u00aa jogada tal como est\u00e1 e a 2\u00aa colocada \u00e0 dist\u00e2ncia m\u00e1xima de um cart\u00e3o de resultados oficial da prova do local onde estava a 1\u00aa, n\u00e3o mais perto do buraco; excepto se a 1\u00aa bola jogada estiver no bunker, devendo nesse caso o local da 1\u00aa bola ser reconstitu\u00eddo e a 2\u00aa bola colocada nesse local.<\/li>\n<li>No green joga-se alternado, jogando primeiro o jogador que n\u00e3o \u00e9 o dono da bola.<\/li>\n<li>A viola\u00e7\u00e3o destas regras corresponde \u00e0 desclassifica\u00e7\u00e3o no buraco em que a viola\u00e7\u00e3o ocorreu.<\/li>\n<li>Cada jogador tem que fazer um m\u00ednimo de 6 sa\u00eddas.<\/li>\n<li>O handicap m\u00e1ximo para homens e senhoras \u00e9 de 28.0 WHS, sendo, no entanto, permitida a participa\u00e7\u00e3o a jogadores com handicap v\u00e1lido superior. Os jogadores com handicaps de 28 WHS e superiores ser\u00e3o considerados como tendo 28,0 WHS.<\/li>\n<li>O Handicap de jogo ser\u00e1 calculado da seguinte forma, \u00be do handicap de jogo, que \u00e9 calculado atrav\u00e9s da m\u00e9dia simples dos handicaps WHS dos jogadores que constituem o par.<\/li>\n<\/ul>\n<h3>Regras<\/h3>\n<p>As regras a aplicar s\u00e3o as aprovadas pelo Royal &amp; Ancient Golf Club of St. Andrews e as Regras Locais do campo onde se disputa o torneio que s\u00e3o estabelecidas pela Comiss\u00e3o T\u00e9cnica.<\/p>\n<h3>Empates<\/h3>\n<p>Em caso de empate, o desempate \u00e9 feito, em Gross, a favor do handicap mais alto, e em Net, a favor do handicap mais baixo, e finalmente, caso continue o empate, por sorteio.<\/p>\n<h3>Trof\u00e9us<\/h3>\n<p>Ser\u00e3o atribu\u00eddos os seguintes trof\u00e9us:<\/p>\n<ul>\n<li>1\u00ba. Gross<\/li>\n<li>1\u00ba., 2\u00ba., 3\u00ba. Par Net<\/li>\n<li>Longest drive senhoras<\/li>\n<li>Longest drive homens<\/li>\n<li>Nearest to the pin geral<\/li>\n<\/ul>\n<h3>Notas<\/h3>\n<ul>\n<li>Os trof\u00e9us desportivos n\u00e3o s\u00e3o acumul\u00e1veis, prevalecendo sempre a categoria mais importante, i.e., conforme a sequ\u00eancia dos trof\u00e9us.<\/li>\n<li>Os trof\u00e9us respeitam as Regras do Estatuto do Amador.<\/li>\n<li>O jogo lento poder\u00e1 ser penalizado com duas pancadas para toda a forma\u00e7\u00e3o a partir do segundo aviso.<\/li>\n<li>\u00c9 permitida a utiliza\u00e7\u00e3o de instrumentos electr\u00f3nicos de medi\u00e7\u00e3o de dist\u00e2ncias<\/li>\n<\/ul>\n<h3>Resultados da competi\u00e7\u00e3o<\/h3>\n<p>Considera-se que o resultado da competi\u00e7\u00e3o foi oficialmente encerrado, 15 minutos ap\u00f3s a folha de resultados finais ser divulgada.<\/p>\n<h3>Condi\u00e7\u00f5es de participa\u00e7\u00e3o<\/h3>\n<ul>\n<li>Pre\u00e7os do green-fee:\n<ul>\n<li>Pre\u00e7os s\u00f3cios do Clube CGD: 25\u20ac (inclui green-fee e almo\u00e7o de entrega de pr\u00e9mios).<\/li>\n<li>Pre\u00e7os convidados: 45\u20ac (inclui green-fee e almo\u00e7o de entrega de pr\u00e9mios).<\/li>\n<li>Pre\u00e7o almo\u00e7o individual n\u00e3o jogador: 20\u20ac<\/li>\n<li>As inscri\u00e7\u00f5es podem ser feitas com os pares j\u00e1 constitu\u00eddos ou isoladamente, encarregando-se a organiza\u00e7\u00e3o de fazer os pares.<\/li>\n<\/ul>\n<\/li>\n<\/ul>\n<h3>Anula\u00e7\u00e3o e altera\u00e7\u00e3o ao Regulamento<\/h3>\n<p>Em qualquer altura, a Comiss\u00e3o T\u00e9cnica poder\u00e1:<\/p>\n<ul>\n<li>Completar ou alterar o presente;<\/li>\n<li>Suspender ou cancelar qualquer das voltas;<\/li>\n<li>Anular ou cancelar a competi\u00e7\u00e3o.<\/li>\n<\/ul>\n<h3>Comiss\u00e3o T\u00e9cnica<\/h3>\n<p>A Comiss\u00e3o T\u00e9cnica \u00e9 constitu\u00edda por:<\/p>\n<ul>\n<li>1 representante do Campo<\/li>\n<li>2 representantes do Clube CGD<\/li>\n<\/ul>\n<p style=\"font-weight: 500;\">Lisboa, 16 de maio de 2022<\/p>\n<p>[\/et_pb_text][\/et_pb_column][\/et_pb_row][\/et_pb_section]<\/p>\n","protected":false},"excerpt":{"rendered":"<p>Considerando que o nosso torneio de abertura se ir\u00e1 disputar no dia das elei\u00e7\u00f5es\u00a0e tendo tido conhecimento de que alguns dos nosso colegas est\u00e3o designados para servi\u00e7o nas assembleias de voto, durante todo o dia, e que, por esse motivo, n\u00e3o poder\u00e3o participar, informa-se que o apuramento para a competi\u00e7\u00e3o de Match-Play do Clube ser\u00e1 [&hellip;]<\/p>\n","protected":false},"author":1,"featured_media":0,"parent":0,"menu_order":0,"comment_status":"closed","ping_status":"closed","template":"page-template-blank.php","meta":{"_et_pb_use_builder":"on","_et_pb_old_content":"","_et_gb_content_width":"","footnotes":""},"class_list":["post-37976","page","type-page","status-publish","hentry"],"_links":{"self":[{"href":"https:\/\/clubegolfecaixa.pt\/golfe\/wp-json\/wp\/v2\/pages\/37976","targetHints":{"allow":["GET"]}}],"collection":[{"href":"https:\/\/clubegolfecaixa.pt\/golfe\/wp-json\/wp\/v2\/pages"}],"about":[{"href":"https:\/\/clubegolfecaixa.pt\/golfe\/wp-json\/wp\/v2\/types\/page"}],"author":[{"embeddable":true,"href":"https:\/\/clubegolfecaixa.pt\/golfe\/wp-json\/wp\/v2\/users\/1"}],"replies":[{"embeddable":true,"href":"https:\/\/clubegolfecaixa.pt\/golfe\/wp-json\/wp\/v2\/comments?post=37976"}],"version-history":[{"count":2,"href":"https:\/\/clubegolfecaixa.pt\/golfe\/wp-json\/wp\/v2\/pages\/37976\/revisions"}],"predecessor-version":[{"id":37979,"href":"https:\/\/clubegolfecaixa.pt\/golfe\/wp-json\/wp\/v2\/pages\/37976\/revisions\/37979"}],"wp:attachment":[{"href":"https:\/\/clubegolfecaixa.pt\/golfe\/wp-json\/wp\/v2\/media?parent=37976"}],"curies":[{"name":"wp","href":"https:\/\/api.w.org\/{rel}","templated":true}]}}