{"id":43255,"date":"2026-03-14T11:56:28","date_gmt":"2026-03-14T11:56:28","guid":{"rendered":"https:\/\/clubegolfecaixa.pt\/golfe\/?page_id=43255"},"modified":"2026-03-14T11:56:30","modified_gmt":"2026-03-14T11:56:30","slug":"regulamento_3965","status":"publish","type":"page","link":"https:\/\/clubegolfecaixa.pt\/golfe\/regulamento_3965\/","title":{"rendered":"Regulamento &#8211; 3\u00ba Torneio OM CGD 2026"},"content":{"rendered":"\n<p><strong>Participa\u00e7\u00e3o<\/strong><\/p>\n\n\n\n<p>Prova reservada a s\u00f3cios do Clube e convidados de s\u00f3cios. Torneio disputado em simult\u00e2neo com torneio<br>do Clube PT e respectivos convidados.<\/p>\n\n\n\n<p><strong>Modalidade<\/strong><\/p>\n\n\n\n<p>O torneio \u00e9 disputado em 18 buracos na modalidade de Stableford, com in\u00edcio \u00e0s 9:00h, em shot-gun.<\/p>\n\n\n\n<p>sucessivas.<\/p>\n\n\n\n<p><strong>Regras<\/strong><\/p>\n\n\n\n<p>As regras a aplicar s\u00e3o as aprovadas pelo Royal and Ancient Golf Club of St. Andrews e as Regras Locais do campo onde se disputa o torneio que s\u00e3o estabelecidas pela Comiss\u00e3o T\u00e9cnica. <\/p>\n\n\n\n<p>O handicap m\u00e1ximo para efeitos de classifica\u00e7\u00e3o no torneio e para a Ordem de M\u00e9rito do Clube \u00e9 36 WHS.<\/p>\n\n\n\n<p><strong>Empates<\/strong><\/p>\n\n\n\n<p>Em caso de empate, o desempate \u00e9 feito, em Gross, a favor do handicap mais alto, e em Net, a favor do handicap mais baixo, e finalmente, caso continue o empate, por sorteio.<\/p>\n\n\n\n<p><strong>Trof\u00e9us<\/strong><\/p>\n\n\n\n<p>Ser\u00e3o atribu\u00eddos os seguintes trof\u00e9us:<\/p>\n\n\n\n<ul class=\"wp-block-list\">\n<li>1\u00ba. Gross geral<\/li>\n\n\n\n<li>1\u00ba.,2\u00ba. e 3\u00ba. Net s\u00f3cios<\/li>\n\n\n\n<li>1\u00ba. Net convidados (com o m\u00ednimo de 5 participantes)<\/li>\n\n\n\n<li>Nearest to the pin<\/li>\n\n\n\n<li>Nearest to the pin<\/li>\n\n\n\n<li class=\"has-text-color has-link-color wp-elements-08f580250e32f12da67ea5ae91e2e51d\" style=\"color:#cb9709\">O torneio ser\u00e1 disputado em simult\u00e2neo com o Clube PT<\/li>\n<\/ul>\n\n\n\n<p><strong>Notas<\/strong><\/p>\n\n\n\n<ul class=\"wp-block-list\">\n<li>\u00c9 permitido colocar a bola.<\/li>\n\n\n\n<li>O jogo lento poder\u00e1 ser penalizado com duas pancadas para toda a forma\u00e7\u00e3o a partir do segundo aviso.<\/li>\n\n\n\n<li>\u00c9 permitida a utiliza\u00e7\u00e3o de instrumentos electr\u00f3nicos de medi\u00e7\u00e3o de dist\u00e2ncias.<\/li>\n\n\n\n<li>Os trof\u00e9us desportivos n\u00e3o s\u00e3o acumul\u00e1veis, prevalecendo sempre a categoria mais importante, i.e., conforme a sequ\u00eancia dos trof\u00e9us.<\/li>\n\n\n\n<li>Os trof\u00e9us respeitam as Regras do Estatuto do Amador.<\/li>\n<\/ul>\n\n\n\n<p><strong>Resultados da competi\u00e7\u00e3o<\/strong><\/p>\n\n\n\n<p>Considera-se que o resultado da competi\u00e7\u00e3o foi oficialmente encerrado, 30 minutos ap\u00f3s a folha de resultados finais ser divulgada.<\/p>\n\n\n\n<p><strong>Condi\u00e7\u00f5es de participa\u00e7\u00e3o<\/strong><\/p>\n\n\n\n<ul class=\"wp-block-list\">\n<li>Pre\u00e7os do green-fee:\n<ul class=\"wp-block-list\">\n<li>Pre\u00e7os (N\u00e3o h\u00e1 separa\u00e7\u00e3o do almo\u00e7o para jogadores):<\/li>\n\n\n\n<li>S\u00f3cios CGD: 44,00\u20ac (green-fee, almo\u00e7o, pr\u00e9mios e t\u00f4mbola);<\/li>\n\n\n\n<li>Convidados de s\u00f3cios: 64,00\u20ac (green-fee, almo\u00e7o, pr\u00e9mios e t\u00f4mbola);<\/li>\n\n\n\n<li>Almo\u00e7os individuais extra: 20,00\u20ac;<\/li>\n\n\n\n<li><\/li>\n<\/ul>\n<\/li>\n\n\n\n<li>Jogadores que n\u00e3o tenham a situa\u00e7\u00e3o regularizada junto da Federa\u00e7\u00e3o Portuguesa de Golfe, bem como handicaps de clube, n\u00e3o podem ser premiados nem participar no Match Play e nas Ordens de M\u00e9rito.<\/li>\n\n\n\n<li class=\"has-text-color has-link-color wp-elements-4a961c361d81ec3ba6ef2d470ac38658\" style=\"color:#076aa3\">Ap\u00f3s o jogo haver\u00e1 almo\u00e7o com distribui\u00e7\u00e3o de pr\u00e9mios.<\/li>\n<\/ul>\n\n\n\n<p><strong>Anula\u00e7\u00e3o e altera\u00e7\u00e3o ao Regulamento<\/strong><\/p>\n\n\n\n<p>Em qualquer altura, a Comiss\u00e3o T\u00e9cnica poder\u00e1:<\/p>\n\n\n\n<ul class=\"wp-block-list\">\n<li>Completar ou alterar o presente;<\/li>\n\n\n\n<li>Suspender ou cancelar qualquer das voltas;<\/li>\n\n\n\n<li>Anular ou cancelar a competi\u00e7\u00e3o.<\/li>\n<\/ul>\n\n\n\n<p><strong>Comiss\u00e3o T\u00e9cnica<\/strong><\/p>\n\n\n\n<p>A Comiss\u00e3o T\u00e9cnica \u00e9 constitu\u00edda por:<\/p>\n\n\n\n<ul class=\"wp-block-list\">\n<li>1 representante do Campo<\/li>\n\n\n\n<li>2 representantes do Clube CGD<\/li>\n<\/ul>\n","protected":false},"excerpt":{"rendered":"<p>Participa\u00e7\u00e3o Prova reservada a s\u00f3cios do Clube e convidados de s\u00f3cios. Torneio disputado em simult\u00e2neo com torneiodo Clube PT e respectivos convidados. Modalidade O torneio \u00e9 disputado em 18 buracos na modalidade de Stableford, com in\u00edcio \u00e0s 9:00h, em shot-gun. sucessivas. Regras As regras a aplicar s\u00e3o as aprovadas pelo Royal and Ancient Golf Club [&hellip;]<\/p>\n","protected":false},"author":1,"featured_media":0,"parent":0,"menu_order":0,"comment_status":"closed","ping_status":"closed","template":"page-template-blank.php","meta":{"_et_pb_use_builder":"off","_et_pb_old_content":"","_et_gb_content_width":"1080","footnotes":""},"class_list":["post-43255","page","type-page","status-publish","hentry"],"_links":{"self":[{"href":"https:\/\/clubegolfecaixa.pt\/golfe\/wp-json\/wp\/v2\/pages\/43255","targetHints":{"allow":["GET"]}}],"collection":[{"href":"https:\/\/clubegolfecaixa.pt\/golfe\/wp-json\/wp\/v2\/pages"}],"about":[{"href":"https:\/\/clubegolfecaixa.pt\/golfe\/wp-json\/wp\/v2\/types\/page"}],"author":[{"embeddable":true,"href":"https:\/\/clubegolfecaixa.pt\/golfe\/wp-json\/wp\/v2\/users\/1"}],"replies":[{"embeddable":true,"href":"https:\/\/clubegolfecaixa.pt\/golfe\/wp-json\/wp\/v2\/comments?post=43255"}],"version-history":[{"count":1,"href":"https:\/\/clubegolfecaixa.pt\/golfe\/wp-json\/wp\/v2\/pages\/43255\/revisions"}],"predecessor-version":[{"id":43256,"href":"https:\/\/clubegolfecaixa.pt\/golfe\/wp-json\/wp\/v2\/pages\/43255\/revisions\/43256"}],"wp:attachment":[{"href":"https:\/\/clubegolfecaixa.pt\/golfe\/wp-json\/wp\/v2\/media?parent=43255"}],"curies":[{"name":"wp","href":"https:\/\/api.w.org\/{rel}","templated":true}]}}